{"id":54,"date":"2025-04-21T15:29:40","date_gmt":"2025-04-21T13:29:40","guid":{"rendered":"http:\/\/mercredisdeneige.fr\/?page_id=54"},"modified":"2025-04-21T18:07:52","modified_gmt":"2025-04-21T16:07:52","slug":"nos-partenaires","status":"publish","type":"page","link":"https:\/\/mercredisdeneige.fr\/?page_id=54","title":{"rendered":"Nos Partenaires"},"content":{"rendered":"\n<p>Merci \u00e0 tous pour leurs soutiens !<br><\/p>\n\n\n\n<div class=\"wp-block-columns is-layout-flex wp-container-core-columns-is-layout-28f84493 wp-block-columns-is-layout-flex\">\n<div class=\"wp-block-column is-layout-flow wp-block-column-is-layout-flow\" style=\"flex-basis:100%\">\n<div class=\"wp-block-columns are-vertically-aligned-center is-layout-flex wp-container-core-columns-is-layout-28f84493 wp-block-columns-is-layout-flex\">\n<div class=\"wp-block-column is-vertically-aligned-center is-layout-flow wp-block-column-is-layout-flow\">\n<figure class=\"wp-block-image aligncenter size-large\"><a href=\"https:\/\/www.mairie-cessy.fr\/\" target=\"_blank\" rel=\" noreferrer noopener\"><img loading=\"lazy\" decoding=\"async\" width=\"948\" height=\"1024\" src=\"http:\/\/mercredisdeneige.fr\/wp-content\/uploads\/2025\/04\/Cessy-1-948x1024.png\" alt=\"\" class=\"wp-image-56\" srcset=\"https:\/\/mercredisdeneige.fr\/wp-content\/uploads\/2025\/04\/Cessy-1-948x1024.png 948w, https:\/\/mercredisdeneige.fr\/wp-content\/uploads\/2025\/04\/Cessy-1-278x300.png 278w, https:\/\/mercredisdeneige.fr\/wp-content\/uploads\/2025\/04\/Cessy-1-768x829.png 768w, https:\/\/mercredisdeneige.fr\/wp-content\/uploads\/2025\/04\/Cessy-1.png 1416w\" sizes=\"auto, (max-width: 948px) 100vw, 948px\" \/><\/a><\/figure>\n<\/div>\n\n\n\n<div class=\"wp-block-column is-vertically-aligned-center is-layout-flow wp-block-column-is-layout-flow\">\n<figure class=\"wp-block-image size-full\"><a href=\"https:\/\/www.gex.fr\/\" target=\"_blank\" rel=\" noreferrer noopener\"><img loading=\"lazy\" decoding=\"async\" width=\"250\" height=\"130\" src=\"http:\/\/mercredisdeneige.fr\/wp-content\/uploads\/2025\/04\/Logo-250pix.png\" alt=\"\" class=\"wp-image-57\"\/><\/a><\/figure>\n<\/div>\n\n\n\n<div class=\"wp-block-column is-vertically-aligned-center is-layout-flow wp-block-column-is-layout-flow\">\n<figure class=\"wp-block-image size-large\"><a href=\"https:\/\/www.versonnex.fr\/\" target=\"_blank\" rel=\" noreferrer noopener\"><img loading=\"lazy\" decoding=\"async\" width=\"1015\" height=\"1024\" src=\"http:\/\/mercredisdeneige.fr\/wp-content\/uploads\/2025\/04\/Versonnex-1015x1024.jpg\" alt=\"\" class=\"wp-image-58\" srcset=\"https:\/\/mercredisdeneige.fr\/wp-content\/uploads\/2025\/04\/Versonnex-1015x1024.jpg 1015w, https:\/\/mercredisdeneige.fr\/wp-content\/uploads\/2025\/04\/Versonnex-297x300.jpg 297w, https:\/\/mercredisdeneige.fr\/wp-content\/uploads\/2025\/04\/Versonnex-150x150.jpg 150w, https:\/\/mercredisdeneige.fr\/wp-content\/uploads\/2025\/04\/Versonnex-768x775.jpg 768w, https:\/\/mercredisdeneige.fr\/wp-content\/uploads\/2025\/04\/Versonnex.jpg 1198w\" sizes=\"auto, (max-width: 1015px) 100vw, 1015px\" \/><\/a><\/figure>\n<\/div>\n\n\n\n<div class=\"wp-block-column is-vertically-aligned-center is-layout-flow wp-block-column-is-layout-flow\">\n<figure class=\"wp-block-image size-full\"><a href=\"https:\/\/www.mairie-grilly.fr\/\" target=\"_blank\" rel=\" noreferrer noopener\"><img loading=\"lazy\" decoding=\"async\" width=\"455\" height=\"509\" src=\"http:\/\/mercredisdeneige.fr\/wp-content\/uploads\/2025\/04\/Grilly.png\" alt=\"\" class=\"wp-image-59\" srcset=\"https:\/\/mercredisdeneige.fr\/wp-content\/uploads\/2025\/04\/Grilly.png 455w, https:\/\/mercredisdeneige.fr\/wp-content\/uploads\/2025\/04\/Grilly-268x300.png 268w\" sizes=\"auto, (max-width: 455px) 100vw, 455px\" \/><\/a><\/figure>\n<\/div>\n\n\n\n<div class=\"wp-block-column is-vertically-aligned-center is-layout-flow wp-block-column-is-layout-flow\">\n<figure class=\"wp-block-image size-full\"><a href=\"https:\/\/www.vesancy.fr\/\" target=\"_blank\" rel=\" noreferrer noopener\"><img loading=\"lazy\" decoding=\"async\" width=\"155\" height=\"198\" src=\"http:\/\/mercredisdeneige.fr\/wp-content\/uploads\/2025\/04\/VESANCY-01-03-1.jpg\" alt=\"\" class=\"wp-image-61\"\/><\/a><\/figure>\n<\/div>\n<\/div>\n\n\n\n<div class=\"wp-block-columns are-vertically-aligned-center is-layout-flex wp-container-core-columns-is-layout-28f84493 wp-block-columns-is-layout-flex\">\n<div class=\"wp-block-column is-vertically-aligned-center is-layout-flow wp-block-column-is-layout-flow\">\n<figure class=\"wp-block-image aligncenter size-large\"><a href=\"https:\/\/www.creditmutuel.fr\/fr\/caisse\/auvergne-rhone-alpes\/gex\/10278-07237-00\" target=\"_blank\" rel=\" noreferrer noopener\"><img loading=\"lazy\" decoding=\"async\" width=\"1024\" height=\"322\" src=\"http:\/\/mercredisdeneige.fr\/wp-content\/uploads\/2025\/04\/Logo-Gessien-1024x322.png\" alt=\"\" class=\"wp-image-68\" srcset=\"https:\/\/mercredisdeneige.fr\/wp-content\/uploads\/2025\/04\/Logo-Gessien-1024x322.png 1024w, https:\/\/mercredisdeneige.fr\/wp-content\/uploads\/2025\/04\/Logo-Gessien-300x94.png 300w, https:\/\/mercredisdeneige.fr\/wp-content\/uploads\/2025\/04\/Logo-Gessien-768x242.png 768w, https:\/\/mercredisdeneige.fr\/wp-content\/uploads\/2025\/04\/Logo-Gessien.png 1099w\" sizes=\"auto, (max-width: 1024px) 100vw, 1024px\" \/><\/a><\/figure>\n<\/div>\n\n\n\n<div class=\"wp-block-column is-vertically-aligned-center is-layout-flow wp-block-column-is-layout-flow\">\n<figure class=\"wp-block-image aligncenter size-full\"><a href=\"https:\/\/cd.ufolep.org\/ain\/\" target=\"_blank\" rel=\" noreferrer noopener\"><img loading=\"lazy\" decoding=\"async\" width=\"852\" height=\"320\" src=\"http:\/\/mercredisdeneige.fr\/wp-content\/uploads\/2025\/04\/Ufolep.jpg\" alt=\"\" class=\"wp-image-69\" srcset=\"https:\/\/mercredisdeneige.fr\/wp-content\/uploads\/2025\/04\/Ufolep.jpg 852w, https:\/\/mercredisdeneige.fr\/wp-content\/uploads\/2025\/04\/Ufolep-300x113.jpg 300w, https:\/\/mercredisdeneige.fr\/wp-content\/uploads\/2025\/04\/Ufolep-768x288.jpg 768w\" sizes=\"auto, (max-width: 852px) 100vw, 852px\" \/><\/a><\/figure>\n<\/div>\n<\/div>\n\n\n\n<div class=\"wp-block-columns are-vertically-aligned-center is-layout-flex wp-container-core-columns-is-layout-28f84493 wp-block-columns-is-layout-flex\">\n<div class=\"wp-block-column is-vertically-aligned-center is-layout-flow wp-block-column-is-layout-flow\">\n<figure class=\"wp-block-image aligncenter size-large is-resized\"><a href=\"https:\/\/www.paysdegex-montsjura.com\/\" target=\"_blank\" rel=\" noreferrer noopener\"><img loading=\"lazy\" decoding=\"async\" width=\"1024\" height=\"552\" src=\"http:\/\/mercredisdeneige.fr\/wp-content\/uploads\/2025\/04\/Logo-eauneige-1024x552.png\" alt=\"\" class=\"wp-image-62\" style=\"width:260px;height:auto\" srcset=\"https:\/\/mercredisdeneige.fr\/wp-content\/uploads\/2025\/04\/Logo-eauneige-1024x552.png 1024w, https:\/\/mercredisdeneige.fr\/wp-content\/uploads\/2025\/04\/Logo-eauneige-300x162.png 300w, https:\/\/mercredisdeneige.fr\/wp-content\/uploads\/2025\/04\/Logo-eauneige-768x414.png 768w, https:\/\/mercredisdeneige.fr\/wp-content\/uploads\/2025\/04\/Logo-eauneige-1536x828.png 1536w, https:\/\/mercredisdeneige.fr\/wp-content\/uploads\/2025\/04\/Logo-eauneige-2048x1104.png 2048w\" sizes=\"auto, (max-width: 1024px) 100vw, 1024px\" \/><\/a><\/figure>\n<\/div>\n\n\n\n<div class=\"wp-block-column is-vertically-aligned-center is-layout-flow wp-block-column-is-layout-flow\">\n<figure class=\"wp-block-image aligncenter size-full is-resized\"><a href=\"https:\/\/www.esf.net\/ecole-de-ski\/mijoux-la-faucille\/\" target=\"_blank\" rel=\" noreferrer noopener\"><img loading=\"lazy\" decoding=\"async\" width=\"1024\" height=\"287\" src=\"http:\/\/mercredisdeneige.fr\/wp-content\/uploads\/2025\/04\/Esf-Logo.png\" alt=\"\" class=\"wp-image-63\" style=\"width:158px;height:auto\" srcset=\"https:\/\/mercredisdeneige.fr\/wp-content\/uploads\/2025\/04\/Esf-Logo.png 1024w, https:\/\/mercredisdeneige.fr\/wp-content\/uploads\/2025\/04\/Esf-Logo-300x84.png 300w, https:\/\/mercredisdeneige.fr\/wp-content\/uploads\/2025\/04\/Esf-Logo-768x215.png 768w\" sizes=\"auto, (max-width: 1024px) 100vw, 1024px\" \/><\/a><\/figure>\n<\/div>\n\n\n\n<div class=\"wp-block-column is-vertically-aligned-center is-layout-flow wp-block-column-is-layout-flow\">\n<figure class=\"wp-block-image aligncenter size-full is-resized\"><a href=\"https:\/\/www.esi-faucille-mijoux-lavattay.com\/\" target=\"_blank\" rel=\" noreferrer noopener\"><img loading=\"lazy\" decoding=\"async\" width=\"224\" height=\"225\" src=\"http:\/\/mercredisdeneige.fr\/wp-content\/uploads\/2025\/04\/ESI.jpg\" alt=\"\" class=\"wp-image-64\" style=\"width:154px;height:auto\" srcset=\"https:\/\/mercredisdeneige.fr\/wp-content\/uploads\/2025\/04\/ESI.jpg 224w, https:\/\/mercredisdeneige.fr\/wp-content\/uploads\/2025\/04\/ESI-150x150.jpg 150w\" sizes=\"auto, (max-width: 224px) 100vw, 224px\" \/><\/a><\/figure>\n<\/div>\n<\/div>\n<\/div>\n<\/div>\n","protected":false},"excerpt":{"rendered":"<p>Merci \u00e0 tous pour leurs soutiens !<\/p>\n","protected":false},"author":1,"featured_media":0,"parent":0,"menu_order":0,"comment_status":"closed","ping_status":"closed","template":"","meta":{"footnotes":""},"class_list":["post-54","page","type-page","status-publish","hentry"],"yoast_head":"<!-- This site is optimized with the Yoast SEO plugin v25.8 - https:\/\/yoast.com\/wordpress\/plugins\/seo\/ -->\n<title>Nos Partenaires - Accueil<\/title>\n<meta name=\"description\" content=\"Ski Club Gex Enfants p\u00e9riscolaire neige jura cessy activit\u00e9 mercredi cours enfant faucille loisir groupe esf m\u00e9daille \u00e9toile flocon ourson partenaire\" \/>\n<meta name=\"robots\" content=\"index, follow, max-snippet:-1, max-image-preview:large, max-video-preview:-1\" \/>\n<link rel=\"canonical\" href=\"https:\/\/mercredisdeneige.fr\/?page_id=54\" \/>\n<meta property=\"og:locale\" content=\"en_US\" \/>\n<meta property=\"og:type\" content=\"article\" \/>\n<meta property=\"og:title\" content=\"Nos Partenaires - Accueil\" \/>\n<meta property=\"og:description\" content=\"Ski Club Gex Enfants p\u00e9riscolaire neige jura cessy activit\u00e9 mercredi cours enfant faucille loisir groupe esf m\u00e9daille \u00e9toile flocon ourson partenaire\" \/>\n<meta property=\"og:url\" content=\"https:\/\/mercredisdeneige.fr\/?page_id=54\" \/>\n<meta property=\"og:site_name\" content=\"Accueil\" \/>\n<meta property=\"article:publisher\" content=\"https:\/\/www.facebook.com\/profile.php?id=61575116147025\" \/>\n<meta property=\"article:modified_time\" content=\"2025-04-21T16:07:52+00:00\" \/>\n<meta property=\"og:image\" content=\"http:\/\/mercredisdeneige.fr\/wp-content\/uploads\/2025\/04\/Cessy-1-948x1024.png\" \/>\n<meta name=\"twitter:card\" content=\"summary_large_image\" \/>\n<meta name=\"twitter:label1\" content=\"Est. reading time\" \/>\n\t<meta name=\"twitter:data1\" content=\"3 minutes\" \/>\n<script type=\"application\/ld+json\" class=\"yoast-schema-graph\">{\"@context\":\"https:\/\/schema.org\",\"@graph\":[{\"@type\":\"WebPage\",\"@id\":\"https:\/\/mercredisdeneige.fr\/?page_id=54\",\"url\":\"https:\/\/mercredisdeneige.fr\/?page_id=54\",\"name\":\"Nos Partenaires - Accueil\",\"isPartOf\":{\"@id\":\"https:\/\/mercredisdeneige.fr\/#website\"},\"primaryImageOfPage\":{\"@id\":\"https:\/\/mercredisdeneige.fr\/?page_id=54#primaryimage\"},\"image\":{\"@id\":\"https:\/\/mercredisdeneige.fr\/?page_id=54#primaryimage\"},\"thumbnailUrl\":\"http:\/\/mercredisdeneige.fr\/wp-content\/uploads\/2025\/04\/Cessy-1-948x1024.png\",\"datePublished\":\"2025-04-21T13:29:40+00:00\",\"dateModified\":\"2025-04-21T16:07:52+00:00\",\"description\":\"Ski Club Gex Enfants p\u00e9riscolaire neige jura cessy activit\u00e9 mercredi cours enfant faucille loisir groupe esf m\u00e9daille \u00e9toile flocon ourson partenaire\",\"breadcrumb\":{\"@id\":\"https:\/\/mercredisdeneige.fr\/?page_id=54#breadcrumb\"},\"inLanguage\":\"en-US\",\"potentialAction\":[{\"@type\":\"ReadAction\",\"target\":[\"https:\/\/mercredisdeneige.fr\/?page_id=54\"]}]},{\"@type\":\"ImageObject\",\"inLanguage\":\"en-US\",\"@id\":\"https:\/\/mercredisdeneige.fr\/?page_id=54#primaryimage\",\"url\":\"https:\/\/mercredisdeneige.fr\/wp-content\/uploads\/2025\/04\/Cessy-1.png\",\"contentUrl\":\"https:\/\/mercredisdeneige.fr\/wp-content\/uploads\/2025\/04\/Cessy-1.png\",\"width\":1416,\"height\":1529},{\"@type\":\"BreadcrumbList\",\"@id\":\"https:\/\/mercredisdeneige.fr\/?page_id=54#breadcrumb\",\"itemListElement\":[{\"@type\":\"ListItem\",\"position\":1,\"name\":\"Accueil\",\"item\":\"https:\/\/mercredisdeneige.fr\/\"},{\"@type\":\"ListItem\",\"position\":2,\"name\":\"Nos Partenaires\"}]},{\"@type\":\"WebSite\",\"@id\":\"https:\/\/mercredisdeneige.fr\/#website\",\"url\":\"https:\/\/mercredisdeneige.fr\/\",\"name\":\"Mercredis de neige - Pays de Gex\",\"description\":\"Enseignement d\u00e9couverte et ski ludique pour tous les enfants du pays de gex !\",\"publisher\":{\"@id\":\"https:\/\/mercredisdeneige.fr\/#organization\"},\"potentialAction\":[{\"@type\":\"SearchAction\",\"target\":{\"@type\":\"EntryPoint\",\"urlTemplate\":\"https:\/\/mercredisdeneige.fr\/?s={search_term_string}\"},\"query-input\":{\"@type\":\"PropertyValueSpecification\",\"valueRequired\":true,\"valueName\":\"search_term_string\"}}],\"inLanguage\":\"en-US\"},{\"@type\":\"Organization\",\"@id\":\"https:\/\/mercredisdeneige.fr\/#organization\",\"name\":\"Mercredis de neige - Pays de Gex\",\"url\":\"https:\/\/mercredisdeneige.fr\/\",\"logo\":{\"@type\":\"ImageObject\",\"inLanguage\":\"en-US\",\"@id\":\"https:\/\/mercredisdeneige.fr\/#\/schema\/logo\/image\/\",\"url\":\"http:\/\/mercredisdeneige.fr\/wp-content\/uploads\/2025\/04\/Logo-rouge-transparent-1.png\",\"contentUrl\":\"http:\/\/mercredisdeneige.fr\/wp-content\/uploads\/2025\/04\/Logo-rouge-transparent-1.png\",\"width\":1934,\"height\":1087,\"caption\":\"Mercredis de neige - Pays de Gex\"},\"image\":{\"@id\":\"https:\/\/mercredisdeneige.fr\/#\/schema\/logo\/image\/\"},\"sameAs\":[\"https:\/\/www.facebook.com\/profile.php?id=61575116147025\",\"https:\/\/www.instagram.com\/mercredis_de_neige_pays_de_gex\/\"]}]}<\/script>\n<!-- \/ Yoast SEO plugin. -->","yoast_head_json":{"title":"Nos Partenaires - Accueil","description":"Ski Club Gex Enfants p\u00e9riscolaire neige jura cessy activit\u00e9 mercredi cours enfant faucille loisir groupe esf m\u00e9daille \u00e9toile flocon ourson partenaire","robots":{"index":"index","follow":"follow","max-snippet":"max-snippet:-1","max-image-preview":"max-image-preview:large","max-video-preview":"max-video-preview:-1"},"canonical":"https:\/\/mercredisdeneige.fr\/?page_id=54","og_locale":"en_US","og_type":"article","og_title":"Nos Partenaires - Accueil","og_description":"Ski Club Gex Enfants p\u00e9riscolaire neige jura cessy activit\u00e9 mercredi cours enfant faucille loisir groupe esf m\u00e9daille \u00e9toile flocon ourson partenaire","og_url":"https:\/\/mercredisdeneige.fr\/?page_id=54","og_site_name":"Accueil","article_publisher":"https:\/\/www.facebook.com\/profile.php?id=61575116147025","article_modified_time":"2025-04-21T16:07:52+00:00","og_image":[{"url":"http:\/\/mercredisdeneige.fr\/wp-content\/uploads\/2025\/04\/Cessy-1-948x1024.png","type":"","width":"","height":""}],"twitter_card":"summary_large_image","twitter_misc":{"Est. reading time":"3 minutes"},"schema":{"@context":"https:\/\/schema.org","@graph":[{"@type":"WebPage","@id":"https:\/\/mercredisdeneige.fr\/?page_id=54","url":"https:\/\/mercredisdeneige.fr\/?page_id=54","name":"Nos Partenaires - Accueil","isPartOf":{"@id":"https:\/\/mercredisdeneige.fr\/#website"},"primaryImageOfPage":{"@id":"https:\/\/mercredisdeneige.fr\/?page_id=54#primaryimage"},"image":{"@id":"https:\/\/mercredisdeneige.fr\/?page_id=54#primaryimage"},"thumbnailUrl":"http:\/\/mercredisdeneige.fr\/wp-content\/uploads\/2025\/04\/Cessy-1-948x1024.png","datePublished":"2025-04-21T13:29:40+00:00","dateModified":"2025-04-21T16:07:52+00:00","description":"Ski Club Gex Enfants p\u00e9riscolaire neige jura cessy activit\u00e9 mercredi cours enfant faucille loisir groupe esf m\u00e9daille \u00e9toile flocon ourson partenaire","breadcrumb":{"@id":"https:\/\/mercredisdeneige.fr\/?page_id=54#breadcrumb"},"inLanguage":"en-US","potentialAction":[{"@type":"ReadAction","target":["https:\/\/mercredisdeneige.fr\/?page_id=54"]}]},{"@type":"ImageObject","inLanguage":"en-US","@id":"https:\/\/mercredisdeneige.fr\/?page_id=54#primaryimage","url":"https:\/\/mercredisdeneige.fr\/wp-content\/uploads\/2025\/04\/Cessy-1.png","contentUrl":"https:\/\/mercredisdeneige.fr\/wp-content\/uploads\/2025\/04\/Cessy-1.png","width":1416,"height":1529},{"@type":"BreadcrumbList","@id":"https:\/\/mercredisdeneige.fr\/?page_id=54#breadcrumb","itemListElement":[{"@type":"ListItem","position":1,"name":"Accueil","item":"https:\/\/mercredisdeneige.fr\/"},{"@type":"ListItem","position":2,"name":"Nos Partenaires"}]},{"@type":"WebSite","@id":"https:\/\/mercredisdeneige.fr\/#website","url":"https:\/\/mercredisdeneige.fr\/","name":"Mercredis de neige - Pays de Gex","description":"Enseignement d\u00e9couverte et ski ludique pour tous les enfants du pays de gex !","publisher":{"@id":"https:\/\/mercredisdeneige.fr\/#organization"},"potentialAction":[{"@type":"SearchAction","target":{"@type":"EntryPoint","urlTemplate":"https:\/\/mercredisdeneige.fr\/?s={search_term_string}"},"query-input":{"@type":"PropertyValueSpecification","valueRequired":true,"valueName":"search_term_string"}}],"inLanguage":"en-US"},{"@type":"Organization","@id":"https:\/\/mercredisdeneige.fr\/#organization","name":"Mercredis de neige - Pays de Gex","url":"https:\/\/mercredisdeneige.fr\/","logo":{"@type":"ImageObject","inLanguage":"en-US","@id":"https:\/\/mercredisdeneige.fr\/#\/schema\/logo\/image\/","url":"http:\/\/mercredisdeneige.fr\/wp-content\/uploads\/2025\/04\/Logo-rouge-transparent-1.png","contentUrl":"http:\/\/mercredisdeneige.fr\/wp-content\/uploads\/2025\/04\/Logo-rouge-transparent-1.png","width":1934,"height":1087,"caption":"Mercredis de neige - Pays de Gex"},"image":{"@id":"https:\/\/mercredisdeneige.fr\/#\/schema\/logo\/image\/"},"sameAs":["https:\/\/www.facebook.com\/profile.php?id=61575116147025","https:\/\/www.instagram.com\/mercredis_de_neige_pays_de_gex\/"]}]}},"_links":{"self":[{"href":"https:\/\/mercredisdeneige.fr\/index.php?rest_route=\/wp\/v2\/pages\/54","targetHints":{"allow":["GET"]}}],"collection":[{"href":"https:\/\/mercredisdeneige.fr\/index.php?rest_route=\/wp\/v2\/pages"}],"about":[{"href":"https:\/\/mercredisdeneige.fr\/index.php?rest_route=\/wp\/v2\/types\/page"}],"author":[{"embeddable":true,"href":"https:\/\/mercredisdeneige.fr\/index.php?rest_route=\/wp\/v2\/users\/1"}],"replies":[{"embeddable":true,"href":"https:\/\/mercredisdeneige.fr\/index.php?rest_route=%2Fwp%2Fv2%2Fcomments&post=54"}],"version-history":[{"count":4,"href":"https:\/\/mercredisdeneige.fr\/index.php?rest_route=\/wp\/v2\/pages\/54\/revisions"}],"predecessor-version":[{"id":72,"href":"https:\/\/mercredisdeneige.fr\/index.php?rest_route=\/wp\/v2\/pages\/54\/revisions\/72"}],"wp:attachment":[{"href":"https:\/\/mercredisdeneige.fr\/index.php?rest_route=%2Fwp%2Fv2%2Fmedia&parent=54"}],"curies":[{"name":"wp","href":"https:\/\/api.w.org\/{rel}","templated":true}]}}